
3
What is the hundreds digit of 3651?
6
What is the hundreds digit of 558?
5
What is the thousands digit of 15728?
5
What is the hundreds digit of 4051?
0
What is the tens digit of 6526?
2
What is the hundreds digit of 1810?
8
What is the tens digit of 55809?
0
What is the ten thousands digit of 26830?
2
What is the ten thousands digit of 12329?
1
What is the hundreds digit of 3268?
2
What is the units digit of 232?
2
What is the units digit of 1266?
6
What is the hundreds digit of 945?
9
What is the tens digit of 12408?
0
What is the hundred thousands digit of 136197?
1
What is the thousands digit of 63890?
3
What is the tens digit of 128912?
1
What is the hundreds digit of 3744?
7
What is the units digit of 43372?
2
What is the units digit of 4058?
8
What is the units digit of 972?
2
What is the thousands digit of 36026?
6
What is the ten thousands digit of 19118?
1
What is the thousands digit of 8106?
8
What is the ten thousands digit of 12164?
1
What is the tens digit of 5029?
2
What is the hundreds digit of 1372?
3
What is the hundreds digit of 53085?
0
What is the hundreds digit of 876?
8
What is the units digit of 597?
7
What is the units digit of 88?
8
What is the thousands digit of 50271?
0
What is the ten thousands digit of 79252?
7
What is the tens digit of 663?
6
What is the ten thousands digit of 10261?
1
What is the thousands digit of 29731?
9
What is the units digit of 1907?
7
What is the hundreds digit of 1696?
6
What is the thousands digit of 11714?
1
What is the units digit of 587?
7
What is the units digit of 52725?
5
What is the hundreds digit of 620?
6
What is the ten thousands digit of 25380?
2
What is the tens digit of 24320?
2
What is the units digit of 6017?
7
What is the ten thousands digit of 24844?
2
What is the thousands digit of 29772?
9
What is the hundreds digit of 212?
2
What is the tens digit of 4217?
1
What is the thousands digit of 5573?
5
What is the ten thousands digit of 20933?
2
What is the units digit of 1801?
1
What is the units digit of 392?
2
What is the ten thousands digit of 10538?
1
What is the thousands digit of 2813?
2
What is the tens digit of 2206?
0
What is the hundreds digit of 1590?
5
What is the hundreds digit of 42652?
6
What is the tens digit of 42?
4
What is the hundreds digit of 29609?
6
What is the thousands digit of 139294?
9
What is the hundreds digit of 38938?
9
What is the thousands digit of 6609?
6
What is the tens digit of 5270?
7
What is the hundreds digit of 74884?
8
What is the ten thousands digit of 91163?
9
What is the tens digit of 24810?
1
What is the thousands digit of 2944?
2
What is the tens digit of 49353?
5
What is the units digit of 669?
9
What is the units digit of 8088?
8
What is the units digit of 4074?
4
What is the units digit of 123656?
6
What is the hundreds digit of 4114?
1
What is the hundreds digit of 8780?
7
What is the thousands digit of 5280?
5
What is the hundreds digit of 83070?
0
What is the thousands digit of 8227?
8
What is the hundreds digit of 534?
5
What is the tens digit of 143175?
7
What is the tens digit of 406?
0
What is the tens digit of 26669?
6
What is the hundreds digit of 4179?
1
What is the tens digit of 3126?
2
What is the ten thousands digit of 149589?
4
What is the hundreds digit of 2858?
8
What is the units digit of 4928?
8
What is the units digit of 2275?
5
What is the ten thousands digit of 13027?
1
What is the thousands digit of 17382?
7
What is the hundreds digit of 6228?
2
What is the units digit of 19151?
1
What is the thousands digit of 1580?
1
What is the thousands digit of 47701?
7
What is the tens digit of 83564?
6
What is the hundreds digit of 32864?
8
What is the units digit of 11476?
6
What is the thousands digit of 7862?
7
What is the tens digit of 6819?
1
What is the hundred thousands digit of 134125?
1
What is the units digit of 17318?
8
What is the thousands digit of 28049?
8
What is the tens digit of 86837?
3
What is the tens digit of 198?
9
What is the units digit of 89?
9
What is the hundreds digit of 1297?
2
What is the units digit of 6296?
6
What is the hundred thousands digit of 141141?
1
What is the hundreds digit of 4046?
0
What is the hundreds digit of 2067?
0
What is the tens digit of 3548?
4
What is the tens digit of 23223?
2
What is the thousands digit of 18639?
8
What is the hundreds digit of 53953?
9
What is the tens digit of 1227?
2
What is the tens digit of 15638?
3
What is the ten thousands digit of 26079?
2
What is the units digit of 9089?
9
What is the tens digit of 446?
4
What is the ten thousands digit of 32224?
3
What is the units digit of 35701?
1
What is the hundreds digit of 727?
7
What is the thousands digit of 6763?
6
What is the units digit of 2101?
1
What is the hundreds digit of 2181?
1
What is the thousands digit of 17384?
7
What is the hundreds digit of 8236?
2
What is the units digit of 4997?
7
What is the tens digit of 27761?
6
What is the hundreds digit of 127845?
8
What is the ten thousands digit of 26015?
2
What is the tens digit of 761?
6
What is the units digit of 2431?
1
What is the units digit of 38?
8
What is the tens digit of 122?
2
What is the thousands digit of 37638?
7
What is the units digit of 4673?
3
What is the units digit of 1131?
1
What is the units digit of 3837?
7
What is the hundreds digit of 9475?
4
What is the thousands digit of 1472?
1
What is the ten thousands digit of 16046?
1
What is the tens digit of 15495?
9
What is the units digit of 243?
3
What is the hundreds digit of 7113?
1
What is the thousands digit of 7636?
7
What is the thousands digit of 22361?
2
What is the hundreds digit of 32461?
4
What is the units digit of 6743?
3
What is the hundreds digit of 2418?
4
What is the units digit of 93997?
7
What is the ten thousands digit of 39885?
3
What is the units digit of 2078?
8
What is the tens digit of 1080?
8
What is the ten thousands digit of 113434?
1
What is the thousands digit of 3800?
3
What is the units digit of 297?
7
What is the ten thousands digit of 105108?
0
What is the tens digit of 51956?
5
What is the units digit of 523?
3
What is the tens digit of 19807?
0
What is the units digit of 9707?
7
What is the ten thousands digit of 21387?
2
What is the units digit of 1581?
1
What is the tens digit of 137675?
7
What is the hundreds digit of 49257?
2
What is the thousands digit of 8216?
8
What is the units digit of 16750?
0
What is the units digit of 983?
3
What is the thousands digit of 83677?
3
What is the ten thousands digit of 19937?
1
What is the units digit of 144930?
0
What is the tens digit of 33129?
2
What is the hundreds digit of 749?
7
What is the thousands digit of 2635?
2
What is the units digit of 21?
1
What is the thousands digit of 13733?
3
What is the hundreds digit of 1002?
0
What is the hundreds digit of 16385?
3
What is the units digit of 14661?
1
What is the tens digit of 4446?
4
What is the units digit of 1403?
3
What is the hundreds digit of 2738?
7
What is the units digit of 124854?
4
What is the tens digit of 49406?
0
What is the tens digit of 11988?
8
What is the tens digit of 118?
1
What is the hundreds digit of 122601?
6
What is the thousands digit of 22275?
2
What is the thousands digit of 1300?
1
What is the ten thousands digit of 68497?
6
What is the ten thousands digit of 99716?
9
What is the tens digit of 778?
7
What is the ten thousands digit of 31185?
3
What is the thousands digit of 7762?
7
What is the thousands digit of 25006?
5
What is the thousands digit of 7614?
7
What is the hundreds digit of 18466?
4
What is the tens digit of 4726?
2
What is the tens digit of 45920?
2
What is the units digit of 11675?
5
What is the units digit of 2016?
6
What is the units digit of 51475?
5
What is the hundreds digit of 535?
5
What is the units digit of 36845?
5
What is the units digit of 53015?
5
What is the thousands digit of 2174?
2
What is the units digit of 2098?
8
What is the thousands digit of 7504?
7
What is the units digit of 1318?
8
What is the units digit of 3461?
1
What is the hundreds digit of 86130?
1
What is the ten thousands digit of 15496?
1
What is the ten thousands digit of 22181?
2
What is the units digit of 1477?
7
What is the thousands digit of 3626?
3
What is the hundreds digit of 3535?
5
Wha